0, -l + 3 = 0. Let c(v) = -d*v + 0*v + s*v - 2*v. Determine c(-1).
-1
Suppose 0 = -5*a + 5. Let r(x) be the first derivative of x**3/3 - x - 23. Give r(a).
0
Let j(p) = -9*p**2 - 1. Suppose 2 = g - 0. Suppose g*c - 3*c - 5*q + 16 = 0, 4*c - q - 1 = 0. Let r = 0 + c. Calculate j(r).
-10
Suppose -19 = -5*t - 7*y + 4*y, 0 = -2*t - 4*y + 2. Suppose 0 = 4*v + 3*l + 10, 2*v - t*l + 3*l = -12. Let s(k) = -2*k**2 - 6*k - 1. What is s(v)?
-9
Suppose -4*w + 5*w = 3. Let b(j) = 2*j**2 - w*j - j**2 + 0*j - 4. Give b(5).
6
Let i(h) = 6*h. Let z(n) be the first derivative of n**4/4 - 4*n**3/3 + 2*n**2 - 2*n + 3. Let j be z(3). Give i(j).
6
Let m(o) = 9*o**3 + 3*o**2 + 2*o - 3. Let g(q) = 9*q**3 + 2*q**2 + q - 2. Let c(w) = -2*w**2 - 3*w. Let t be c(-2). Let h(v) = t*m(v) + 3*g(v). Give h(-1).
-8
Let k(b) = 3*b - 3. Let q be k(3). Let g(i) = 5*i - 2*i + q - i. Calculate g(-6).
-6
Let v(y) = -y**3 + y + 1. Suppose -2*b = 3 - 1. Let u(s) = 2*s**3 - 4*s**2 - 4*s - 3. Let d(o) = b*u(o) - 3*v(o). Calculate d(-4).
-4
Let v(w) be the second derivative of 3*w**5/20 + w**4/4 + w**3/3 + 3*w**2/2 + 6*w. Determine v(-2).
-13
Let k(x) be the second derivative of x**3/3 + 5*x**2/2 + 5*x. Let l(i) = -i + 3. Let y be l(-4). Let h = 3 - y. What is k(h)?
-3
Let y(j) = -j - 2. Let a(w) = 13*w**2 - 2*w - 6. Let i(x) = a(x) - 3*y(x). What is i(1)?
14
Let o(q) be the third derivative of -q**4/6 - q**2. Suppose 3*h - 4*k = -h, -3*k = h - 12. Let x(t) = -7*t. Let u(r) = h*x(r) - 5*o(r). Give u(2).
-2
Let r(t) = 23 + 2*t + 15 - 47. What is r(7)?
5
Let k be (-12)/30 + 7/5. Let t(v) = v**3 - 5*v**2 + 8*v - 1. Let y(r) = r - 1. Let b(w) = k*t(w) - 3*y(w). What is b(4)?
6
Let l(d) = 0*d - 3 + 3*d + 4 - 5*d. Calculate l(-6).
13
Let y(c) be the third derivative of c**5/60 - c**4/8 - c**3/6 - c**2 - 6*c. Give y(2).
-3
Let v(f) = -f**2 + 4*f + 9. Let i(j) = -j**2 + 4*j + 8. Let s(t) = -7*i(t) + 6*v(t). What is s(3)?
-5
Let q = -281/42 - -48/7. Let z(d) be the second derivative of 0 - 1/2*d**2 - 2*d - q*d**3. What is z(0)?
-1
Let t(w) = -7*w**3 + w**2 - 9*w. Let s(d) = -20*d**3 + 2*d**2 - 26*d. Let l(j) = -6*s(j) + 17*t(j). Let q be 1/(-3) - 35/21. Give l(q).
6
Let o(x) = -2*x + 9. Let z(q) = -1. Let l(c) = -o(c) - 6*z(c). Suppose 100 = 4*j + 88. Calculate l(j).
3
Let j(i) be the third derivative of 0*i + 1/6*i**3 + 1/8*i**4 + 4*i**2 + 0. Calculate j(-2).
-5
Let x(f) = f + 11. Suppose 2*a = 4*w + a + 33, -4*w + 5*a - 21 = 0. What is x(w)?
2
Let z(p) = -p**3 + 5*p**2 - 2*p - 3. Let l be z(4). Let v(m) = -13*m - 3 + 14*m + 1. What is v(l)?
3
Let f be (-64)/(-14) + 27/63. Let a(p) = 0 - f - p - 4 - 2. Calculate a(0).
-11
Let w(h) = -h**2 - 7*h + 6. Let d be 45/(-9) + (-1 - 1). Determine w(d).
6
Let v(j) = -2*j**2 + 7*j - 4. Let z(p) = p**2 + 8*p + 4. Let q be z(-8). Calculate v(q).
-8
Let b(p) = p - 3 + 4 + 7*p - p**2 - 9*p. Calculate b(-2).
-1
Let f(s) = -s**3 - 4*s**2 + 5*s**2 + 6 + 5*s**2 - 6*s. Determine f(5).
1
Let y(r) = -r**3 + 6*r**2 - 5*r + 2. Let w(n) = -5*n**3 + 2*n + 1. Let j be w(-1). Calculate y(j).
14
Let g(i) = -i**3 + 5*i**2 + 6*i + 7. Suppose 5*x + 0*x = 10. Suppose -2*m + x*s + 12 = 0, 4*m - s + 0*s = 24. Calculate g(m).
7
Let b(k) = -k**3 - k**2 + 13. Suppose 22*f = 24*f. Give b(f).
13
Suppose p + 0*p = 0. Suppose 3*s + 0*s = p. Let v(h) = h**2 - h - 2. Give v(s).
-2
Let v(x) = 6*x + 17. Let j(c) = 7*c + 18. Let z(q) = -5*j(q) + 6*v(q). Determine z(-6).
6
Suppose -18 = u - 4*z - 3, -2*u - 9 = -z. Let m(h) be the first derivative of 1/3*h**3 - 2 + 2*h**2 + 0*h. Calculate m(u).
-3
Let q(h) = 2*h + 2*h + 2*h - 5*h - 3. Let k be q(3). Let b(f) = f - 1 + 3*f - 3*f + k*f. What is b(-2)?
-3
Let o(f) = f**2 + 3*f - 3. Let m be -2 - (3 + 1/(-1)). Give o(m).
1
Let q(l) = -l**3 - 1. Let u(s) = 3*s**3 + 3*s**2 - 2*s + 4. Let b(p) = -4*q(p) - u(p). Determine b(2).
0
Let c(p) = 10*p**2 - 13*p - 8. Let d(x) = 7*x**2 - 9*x - 5. Let m(a) = 5*c(a) - 7*d(a). Give m(-4).
19
Let h(j) be the first derivative of 7*j**3/3 + 21. Let a = -4 - -3. What is h(a)?
7
Suppose 0 = -14*y - 133 + 35. Let k(p) = p + 5. Give k(y).
-2
Let x(y) = 3*y - 13. Let w(v) be the second derivative of v**3/3 - 7*v**2/2 + v. Suppose -2*p = 3*p + 20. Let c(j) = p*x(j) + 7*w(j). Calculate c(-4).
-5
Let c(x) = x**2. Let d be (-4 - -3) + 6 + 2 + -3. What is c(d)?
16
Let h(l) = l**3 - 5*l**2 - 9*l + 6. Let u be h(6). Let w = -9 - u. Let m(q) = -6*q + q - 1 + 3 + q**2. What is m(w)?
-4
Let s(a) = -85 - 8*a**2 + 10*a - 10*a + a**3 + 77. Calculate s(8).
-8
Suppose -7*x = -2*x. Let d(t) = x*t**2 - 4*t**2 - t**3 + 0*t**2 - 2 + 5*t**2. Suppose 2*m = -0*m. Calculate d(m).
-2
Suppose 2*t + 1 = 5. Let o(v) = 8 - 3 - v**t - 6. Determine o(2).
-5
Let x be 1 + 48/(1 - -1). Let t be 115/x + 6/15. Let g(k) = -2*k + 2. Give g(t).
-8
Suppose 4*l - 1 + 5 = 0. Let w(t) = -8*t**2 + t. Calculate w(l).
-9
Suppose -b - 4 + 8 = 0. Suppose -b*f + 4*w = -12, 2*f = -0*f + 3*w + 6. Let k(d) = -d**3 + 4*d**2 - 3. Give k(f).
6
Let m(u) = -2*u - 3 + 2*u + 2*u. Suppose 15 = -3*c + 3*b, -2*c - 18 + 3 = 3*b. Let q(n) = -2*n - 9. Let s be q(c). Determine m(s).
3
Let n be ((-2)/6)/(4/24). Let l = 7 - n. Suppose -3 - l = -4*t. Let v(q) = -q**3 + 3*q**2 + 3*q + 1. Determine v(t).
10
Let i = 6 + -14. Let n = -4 - i. Let u(l) = l**2 - 4*l - 4. What is u(n)?
-4
Let r(d) = d. Let o be r(2). Let y(b) = 72 + b - b**2 - 147 + b + 72. Give y(o).
-3
Let s be 3*(20/15)/(-2 - -4). Let d(o) = -1 - o - 4*o**2 + o**2 + 4*o**2. What is d(s)?
1
Suppose 9*r = 5*r - 20. Let l(t) = -t**3 - 6*t**2 - 6*t - 4. Give l(r).
1
Let l(v) = v**2 - 3*v - 7. Let s(g) = -2*g + 11. Let d be s(3). Calculate l(d).
3
Let d be -4*(-1)/(-2)*-2. Let k be (2/d)/(2/(-4)). Let l(j) = -3*j**2 + j + 1. Calculate l(k).
-3
Let x(b) = 3*b**3 - b**2 + 5*b - 7. Let k(w) = 4*w**3 - 2*w**2 + 8*w - 11. Let h(s) = 5*k(s) - 8*x(s). Let n = 109 - 108. What is h(n)?
-5
Suppose x + 1 = 2*z, z + 4 = x + 4*z. Let r(o) = -5 - x + 5 + 2*o**2 - o. Suppose -t - 2 = -3, -5*k - 12 = -2*t. Calculate r(k).
9
Let s(m) = 4*m + 3. Let c(b) = 4 - 2*b + b - 1 - 4. Let w(j) = 3*c(j) + s(j). Let u(x) = x**2 + 2*x - 3. Let r be u(-3). Determine w(r).
0
Let v be (26 - 23)*4/6. Let t(n) be the third derivative of -1/60*n**5 + 2/3*n**3 - 2*n**v + 0*n + 1/8*n**4 + 0. Give t(4).
0
Let r(c) = -c**3 - 5*c**2 - 3*c + 1. Suppose -j = -4*d - 11, 3*d + 2*j + 22 = -0*j. Let w be d + 2 + 1 - 3. Determine r(w).
-3
Let m(u) = u**2 - 3*u + 2. Let y be m(2). Suppose 0*t - t - 1 = y. Let g be t + (-5 - 3/(-3)). Let r(k) = -k**2 - 5*k - 6. Give r(g).
-6
Let b(x) be the third derivative of x**4/12 + 5*x**3/6 - 6*x**2. Calculate b(-6).
-7
Let z(r) = -r**3 + 8*r**2 - 6*r - 5. Let l be z(7). Suppose 3 + 11 = l*f. Let n(t) = 2 + 0*t**2 + 4*t - t**2 - f. Calculate n(4).
-5
Let a(l) = l + 6. Let z(o) = 4*o**2 - 12*o + 12. Let m(j) = j**2 - j + 1. Let s(k) = -3*m(k) + z(k). Let g be s(7). Calculate a(g).
1
Let i(r) be the first derivative of r**4/4 + 2*r**3/3 - r**2/2 + 2. Give i(1).
2
Let v(n) be the second derivative of n**6/45 - n**4/24 - 2*n**3/3 + n. Let q(c) be the second derivative of v(c). What is q(1)?
7
Let i(b) = -4*b**2 + 4*b - 3. Suppose -3*t - 4 = -5*t. Suppose -z - t*z + 9 = 0. Suppose 15 = -z*p, -4*f - 3*p - 11 = -4. Give i(f).
-11
Let t(j) be the third derivative of j**6/360 + j**5/24 + j**4/8 + 5*j**3/6 + j**2. Let f(a) be the first derivative of t(a). Determine f(-5).
3
Let h(u) = u**3 + 5*u**2 - 8*u - 5. Let a(p) = p**3 - 3*p**2 + 2*p - 4. Let l be a(3). Let q = 5 - l. Suppose -24 = c + q*c. What is h(c)?
7
Let f(s) be the first derivative of -2*s - 1/2*s**2 - 2/3*s**3 + 1. What is f(-2)?
-8
Let r(k) = -k**2 - k + 2. Let l = 0 - 2. What is r(l)?
0
Let d(m) be the first derivative of 1 - 1/2*m**2 - 3*m. Calculate d(-5).
2
Let k(l) = l - 3. Let t(b) = -b + 2. Let f(x) = 3*k(x) + 4*t(x). Let d(n) = -n**2 + 7*n + 12. Let h be d(9). Determine f(h).
5
Let s(z) = -z**3 - 7*z**2 - 4*z + 7. Let w(y) = 4 + y + y - 4*y. Let f be w(5). Give s(f).
-5
Let f(t) = -t**3 + 4*t**2 - 4*t + 4. Suppose -v + 2*v + 3*h = 7, -2*h = v - 6. Determine f(v).
-12
Let w(d) be the first derivative of -d**5/40 - d**4/6 - d**3/3 + 1. Let u(o) be the third derivative of w(o). What is u(-3)?
5
Suppose 19*c + 5 = 18*c. Let m be (-3)/(c + 4) - 0. Let z(s) = 2*s. What is z(m)?